62620098?
6
What is the tens digit of 539973938?
3
What is the ten thousands digit of 38681991?
8
What is the hundreds digit of 99281418?
4
What is the hundred thousands digit of 18986415?
9
What is the ten thousands digit of 490550768?
5
What is the hundreds digit of 78022413?
4
What is the ten millions digit of 26203422?
2
What is the tens digit of 187257508?
0
What is the units digit of 195863278?
8
What is the hundred millions digit of 290980820?
2
What is the ten millions digit of 1003218009?
0
What is the ten thousands digit of 113199963?
9
What is the millions digit of 1414347082?
4
What is the millions digit of 547553664?
7
What is the thousands digit of 40432758?
2
What is the ten millions digit of 820617185?
2
What is the ten thousands digit of 4109983086?
8
What is the hundred thousands digit of 267637127?
6
What is the units digit of 84297953?
3
What is the hundred thousands digit of 79863759?
8
What is the hundred millions digit of 358992785?
3
What is the hundreds digit of 51582524?
5
What is the ten thousands digit of 21300954?
0
What is the millions digit of 2261440581?
1
What is the ten thousands digit of 59286583?
8
What is the hundred thousands digit of 7498847157?
8
What is the hundred thousands digit of 38369222?
3
What is the ten thousands digit of 364749878?
4
What is the ten thousands digit of 142040299?
4
What is the millions digit of 133799720?
3
What is the tens digit of 108480697?
9
What is the units digit of 133838829?
9
What is the hundreds digit of 3772869?
8
What is the millions digit of 752887614?
2
What is the units digit of 2427043513?
3
What is the ten thousands digit of 695066425?
6
What is the hundred millions digit of 158438314?
1
What is the millions digit of 70269711?
0
What is the hundred thousands digit of 191467238?
4
What is the hundreds digit of 40757097?
0
What is the hundreds digit of 26443707?
7
What is the millions digit of 26844518?
6
What is the thousands digit of 625954476?
4
What is the tens digit of 24033815?
1
What is the ten millions digit of 199432523?
9
What is the hundred thousands digit of 54895793?
8
What is the units digit of 30625559?
9
What is the millions digit of 98199971?
8
What is the ten thousands digit of 4479624811?
2
What is the hundred thousands digit of 5784086630?
0
What is the hundreds digit of 4905148071?
0
What is the thousands digit of 71109627?
9
What is the hundred thousands digit of 12399962?
3
What is the hundred thousands digit of 684455717?
4
What is the millions digit of 4487531775?
7
What is the millions digit of 85386148?
5
What is the hundred thousands digit of 1495338248?
3
What is the hundred thousands digit of 843936936?
9
What is the ten millions digit of 133680613?
3
What is the millions digit of 1502938686?
2
What is the tens digit of 54484045?
4
What is the billions digit of 3324317511?
3
What is the tens digit of 94337495?
9
What is the millions digit of 67052934?
7
What is the units digit of 132169096?
6
What is the hundred millions digit of 850170898?
8
What is the hundred thousands digit of 973836120?
8
What is the hundred millions digit of 812111036?
8
What is the millions digit of 2185106556?
5
What is the ten thousands digit of 32650334?
5
What is the tens digit of 256497342?
4
What is the hundreds digit of 15612216?
2
What is the tens digit of 68243?
4
What is the units digit of 4431068083?
3
What is the billions digit of 3159343514?
3
What is the tens digit of 346703538?
3
What is the ten millions digit of 337292579?
3
What is the millions digit of 1934657115?
4
What is the ten millions digit of 63033992?
6
What is the millions digit of 2484444106?
4
What is the tens digit of 276448920?
2
What is the hundreds digit of 64129619?
6
What is the hundred millions digit of 104911893?
1
What is the hundred thousands digit of 35033411?
0
What is the ten millions digit of 10468565?
1
What is the millions digit of 183676746?
3
What is the hundred millions digit of 188466962?
1
What is the tens digit of 28823674?
7
What is the tens digit of 651533531?
3
What is the thousands digit of 100968603?
8
What is the units digit of 2107892964?
4
What is the hundred millions digit of 185590075?
1
What is the hundred millions digit of 4575746702?
5
What is the hundreds digit of 2558712?
7
What is the ten thousands digit of 1477323441?
2
What is the hundreds digit of 67549686?
6
What is the hundred thousands digit of 427919624?
9
What is the hundreds digit of 31371423?
4
What is the hundred thousands digit of 22932639?
9
What is the ten thousands digit of 6247616?
4
What is the units digit of 74628409?
9
What is the tens digit of 1009358418?
1
What is the units digit of 1433286831?
1
What is the thousands digit of 1911091088?
1
What is the thousands digit of 39714491?
4
What is the units digit of 1638449276?
6
What is the tens digit of 22366998?
9
What is the tens digit of 17644336?
3
What is the hundred thousands digit of 348480953?
4
What is the millions digit of 54057956?
4
What is the tens digit of 16589847?
4
What is the tens digit of 886540445?
4
What is the hundreds digit of 62647411?
4
What is the millions digit of 46075037?
6
What is the hundred thousands digit of 412272561?
2
What is the millions digit of 37050535?
7
What is the ten thousands digit of 58455950?
5
What is the ten millions digit of 719263589?
1
What is the thousands digit of 1118976979?
6
What is the ten thousands digit of 950259833?
5
What is the tens digit of 226091426?
2
What is the ten millions digit of 146411646?
4
What is the units digit of 527240044?
4
What is the ten millions digit of 150193148?
5
What is the tens digit of 16426617?
1
What is the hundred millions digit of 189275993?
1
What is the thousands digit of 4110569352?
9
What is the hundreds digit of 706520407?
4
What is the ten thousands digit of 8338545?
3
What is the tens digit of 68575251?
5
What is the units digit of 1029511569?
9
What is the ten millions digit of 69947358?
6
What is the hundred thousands digit of 37116887?
1
What is the millions digit of 88991928?
8
What is the ten thousands digit of 17367578?
6
What is the ten thousands digit of 65141509?
4
What is the millions digit of 65358916?
5
What is the millions digit of 879808238?
9
What is the hundred millions digit of 1081891403?
0
What is the hundreds digit of 110558320?
3
What is the tens digit of 373025422?
2
What is the tens digit of 52059747?
4
What is the millions digit of 351739945?
1
What is the millions digit of 1076964540?
6
What is the thousands digit of 57587730?
7
What is the millions digit of 681742193?
1
What is the hundred thousands digit of 31592041?
5
What is the ten millions digit of 1302415506?
0
What is the units digit of 168124564?
4
What is the hundred thousands digit of 130505818?
5
What is the ten millions digit of 118066446?
1
What is the millions digit of 6449170201?
9
What is the ten millions digit of 13370129?
1
What is the ten thousands digit of 29058115?
5
What is the ten millions digit of 217738509?
1
What is the millions digit of 326379187?
6
What is the hundred thousands digit of 5921457?
9
What is the millions digit of 1142805952?
2
What is the ten millions digit of 4866048119?
6
What is the millions digit of 4616821943?
6
What is the ten thousands digit of 1474705911?
0
What is the millions digit of 122457558?
2
What is the hundreds digit of 3910552525?
5
What is the hundred millions digit of 139885631?
1
What is the millions digit of 57139349?
7
What is the ten millions digit of 1075063974?
7
What is the units digit of 267957456?
6
What is the hundred millions digit of 150949398?
1
What is the ten millions digit of 506592548?
0
What is the tens digit of 748449778?
7
What is the ten thousands digit of 4488741?
8
What is the tens digit of 423732669?
6
What is the hundreds digit of 149570674?
6
What is the hundreds digit of 214950641?
6
What is the thousands digit of 32446480?
6
What is the hundreds digit of 56715149?
1
What is the ten thousands digit of 183443025?
4
What is the hundred millions digit of 2598294351?
5
What is the ten millions digit of 2883788219?
8
What is the ten millions digit of 1172536831?
7
What is the thousands digit of 25456238?
6
What is the hundred thousands digit of 428800701?
8
What is the